/home/cp181240/access-logs/mystric.com.48292422-40-20211020102911.webstarterz.com
216.244.66.236 - - [28/Oct/2025:19:05:47 +0700] "GET /robots.txt HTTP/1.1" 200 1049 "-" "Mozilla/5.0 (compatible; DotBot/1.2; +https://opensiteexplorer.org/dotbot; help@moz.com)"
216.244.66.236 - - [28/Oct/2025:19:05:47 +0700] "GET /robots.txt HTTP/1.1" 200 1049 "-" "Mozilla/5.0 (compatible; DotBot/1.2; +https://opensiteexplorer.org/dotbot; help@moz.com)"
216.244.66.236 - - [28/Oct/2025:19:15:33 +0700] "GET /cgi-sys/suspendedpage.cgi?f=2&t=2789 HTTP/1.1" 200 7616 "-" "Mozilla/5.0 (compatible; DotBot/1.2; +https://opensiteexplorer.org/dotbot; help@moz.com)"
216.244.66.236 - - [28/Oct/2025:19:15:54 +0700] "GET /cgi-sys/suspendedpage.cgi?f=2&t=3694 HTTP/1.1" 200 7616 "-" "Mozilla/5.0 (compatible; DotBot/1.2; +https://opensiteexplorer.org/dotbot; help@moz.com)"
3.79.134.69 - - [28/Oct/2025:19:16:50 +0700] "GET / HTTP/1.1" 403 - "http://mystric.com" "Mozilla/5.0+(compatible; UptimeRobot/2.0; http://www.uptimerobot.com/)"
172.177.148.145 - - [28/Oct/2025:19:23:04 +0700] "HEAD /wordpress HTTP/1.1" 500 - "-" "Mozilla/5.0 (Windows NT 10.0; Win64; x64) AppleWebKit/537.36 (KHTML, like Gecko) Chrome/74.0.3729.169 Safari/537.36"
172.177.148.145 - - [28/Oct/2025:19:23:05 +0700] "HEAD / HTTP/1.1" 500 - "-" "Mozilla/5.0 (Windows NT 10.0; Win64; x64) AppleWebKit/537.36 (KHTML, like Gecko) Chrome/74.0.3729.169 Safari/537.36"
172.177.148.145 - - [28/Oct/2025:19:23:06 +0700] "HEAD /wp HTTP/1.1" 500 - "-" "Mozilla/5.0 (Windows NT 10.0; Win64; x64) AppleWebKit/537.36 (KHTML, like Gecko) Chrome/74.0.3729.169 Safari/537.36"
172.177.148.145 - - [28/Oct/2025:19:23:06 +0700] "HEAD /bc HTTP/1.1" 500 - "-" "Mozilla/5.0 (Windows NT 10.0; Win64; x64) AppleWebKit/537.36 (KHTML, like Gecko) Chrome/74.0.3729.169 Safari/537.36"
172.177.148.145 - - [28/Oct/2025:19:23:07 +0700] "HEAD /bk HTTP/1.1" 500 - "-" "Mozilla/5.0 (Windows NT 10.0; Win64; x64) AppleWebKit/537.36 (KHTML, like Gecko) Chrome/74.0.3729.169 Safari/537.36"
172.177.148.145 - - [28/Oct/2025:19:23:07 +0700] "HEAD /backup HTTP/1.1" 500 - "-" "Mozilla/5.0 (Windows NT 10.0; Win64; x64) AppleWebKit/537.36 (KHTML, like Gecko) Chrome/74.0.3729.169 Safari/537.36"
172.177.148.145 - - [28/Oct/2025:19:23:08 +0700] "HEAD /old HTTP/1.1" 500 - "-" "Mozilla/5.0 (Windows NT 10.0; Win64; x64) AppleWebKit/537.36 (KHTML, like Gecko) Chrome/74.0.3729.169 Safari/537.36"
172.177.148.145 - - [28/Oct/2025:19:23:09 +0700] "HEAD /new HTTP/1.1" 500 - "-" "Mozilla/5.0 (Windows NT 10.0; Win64; x64) AppleWebKit/537.36 (KHTML, like Gecko) Chrome/74.0.3729.169 Safari/537.36"
172.177.148.145 - - [28/Oct/2025:19:23:09 +0700] "HEAD /main HTTP/1.1" 500 - "-" "Mozilla/5.0 (Windows NT 10.0; Win64; x64) AppleWebKit/537.36 (KHTML, like Gecko) Chrome/74.0.3729.169 Safari/537.36"
172.177.148.145 - - [28/Oct/2025:19:23:10 +0700] "HEAD /home HTTP/1.1" 500 - "-" "Mozilla/5.0 (Windows NT 10.0; Win64; x64) AppleWebKit/537.36 (KHTML, like Gecko) Chrome/74.0.3729.169 Safari/537.36"
168.119.53.160 - - [28/Oct/2025:19:30:50 +0700] "GET / HTTP/1.1" 403 - "http://mystric.com" "Mozilla/5.0+(compatible; UptimeRobot/2.0; http://www.uptimerobot.com/)"
52.28.162.93 - - [28/Oct/2025:19:45:17 +0700] "GET / HTTP/1.1" 403 - "http://mystric.com" "Mozilla/5.0+(compatible; UptimeRobot/2.0; http://www.uptimerobot.com/)"
216.244.66.236 - - [28/Oct/2025:19:47:12 +0700] "GET /cgi-sys/suspendedpage.cgi?f=2&t=2757 HTTP/1.1" 200 7616 "-" "Mozilla/5.0 (compatible; DotBot/1.2; +https://opensiteexplorer.org/dotbot; help@moz.com)"
216.244.66.236 - - [28/Oct/2025:19:47:14 +0700] "GET /cgi-sys/suspendedpage.cgi?f=2&t=3735 HTTP/1.1" 200 7616 "-" "Mozilla/5.0 (compatible; DotBot/1.2; +https://opensiteexplorer.org/dotbot; help@moz.com)"
216.244.66.236 - - [28/Oct/2025:19:47:17 +0700] "GET /cgi-sys/suspendedpage.cgi?f=2&t=3892 HTTP/1.1" 200 7616 "-" "Mozilla/5.0 (compatible; DotBot/1.2; +https://opensiteexplorer.org/dotbot; help@moz.com)"
88.99.80.227 - - [28/Oct/2025:20:00:18 +0700] "GET / HTTP/1.1" 403 - "http://mystric.com" "Mozilla/5.0+(compatible; UptimeRobot/2.0; http://www.uptimerobot.com/)"
216.244.66.236 - - [28/Oct/2025:20:03:10 +0700] "GET /robots.txt HTTP/1.1" 200 1049 "-" "Mozilla/5.0 (compatible; DotBot/1.2; +https://opensiteexplorer.org/dotbot; help@moz.com)"
216.244.66.236 - - [28/Oct/2025:20:03:10 +0700] "GET /robots.txt HTTP/1.1" 200 1049 "-" "Mozilla/5.0 (compatible; DotBot/1.2; +https://opensiteexplorer.org/dotbot; help@moz.com)"
49.13.167.123 - - [28/Oct/2025:20:12:50 +0700] "GET / HTTP/1.1" 403 - "http://mystric.com" "Mozilla/5.0+(compatible; UptimeRobot/2.0; http://www.uptimerobot.com/)"
216.244.66.236 - - [28/Oct/2025:20:13:40 +0700] "GET /forums/viewtopic?f=2&t=2924%5D%D0%A1%D0%BB%D0%BE%D1%82 HTTP/1.1" 500 - "-" "Mozilla/5.0 (compatible; DotBot/1.2; +https://opensiteexplorer.org/dotbot; help@moz.com)"
128.140.41.193 - - [28/Oct/2025:20:25:00 +0700] "GET / HTTP/1.1" 403 - "http://mystric.com" "Mozilla/5.0+(compatible; UptimeRobot/2.0; http://www.uptimerobot.com/)"
216.244.66.236 - - [28/Oct/2025:20:38:28 +0700] "GET /cgi-sys/suspendedpage.cgi?f=2&t=2496 HTTP/1.1" 200 7616 "-" "Mozilla/5.0 (compatible; DotBot/1.2; +https://opensiteexplorer.org/dotbot; help@moz.com)"
216.244.66.236 - - [28/Oct/2025:20:38:38 +0700] "GET /cgi-sys/suspendedpage.cgi?f=2&t=2843 HTTP/1.1" 200 7616 "-" "Mozilla/5.0 (compatible; DotBot/1.2; +https://opensiteexplorer.org/dotbot; help@moz.com)"
49.13.167.123 - - [28/Oct/2025:20:40:02 +0700] "GET / HTTP/1.1" 403 - "http://mystric.com" "Mozilla/5.0+(compatible; UptimeRobot/2.0; http://www.uptimerobot.com/)"
216.244.66.236 - - [28/Oct/2025:20:40:58 +0700] "GET /cgi-sys/suspendedpage.cgi?f=2&t=1522 HTTP/1.1" 200 7616 "-" "Mozilla/5.0 (compatible; DotBot/1.2; +https://opensiteexplorer.org/dotbot; help@moz.com)"
216.244.66.236 - - [28/Oct/2025:20:41:09 +0700] "GET /cgi-sys/suspendedpage.cgi?f=2&t=2349 HTTP/1.1" 200 7616 "-" "Mozilla/5.0 (compatible; DotBot/1.2; +https://opensiteexplorer.org/dotbot; help@moz.com)"
3.140.200.87 - - [28/Oct/2025:20:52:43 +0700] "GET / HTTP/1.1" 500 - "-" "Mozilla/5.0 (Macintosh; Intel Mac OS X 10_15_7) AppleWebKit/537.36 (KHTML, like Gecko) Chrome/121.0.0.0 Safari/537.36"
3.140.200.87 - - [28/Oct/2025:20:52:43 +0700] "GET / HTTP/1.1" 500 - "-" "Mozilla/5.0 (Macintosh; Intel Mac OS X 10_15_7) AppleWebKit/537.36 (KHTML, like Gecko) Chrome/121.0.0.0 Safari/537.36"
3.140.200.87 - - [28/Oct/2025:20:52:44 +0700] "GET / HTTP/1.1" 500 - "-" "Mozilla/5.0 (Macintosh; Intel Mac OS X 10_15_7) AppleWebKit/537.36 (KHTML, like Gecko) Chrome/121.0.0.0 Safari/537.36"
52.28.162.93 - - [28/Oct/2025:20:53:24 +0700] "GET / HTTP/1.1" 403 - "http://mystric.com" "Mozilla/5.0+(compatible; UptimeRobot/2.0; http://www.uptimerobot.com/)"
43.135.172.89 - - [28/Oct/2025:21:01:55 +0700] "GET / HTTP/1.1" 500 - "-" "Mozilla/5.0 (iPhone; CPU iPhone OS 13_2_3 like Mac OS X) AppleWebKit/605.1.15 (KHTML, like Gecko) Version/13.0.3 Mobile/15E148 Safari/604.1"
18.192.166.72 - - [28/Oct/2025:21:05:44 +0700] "GET / HTTP/1.1" 403 - "http://mystric.com" "Mozilla/5.0+(compatible; UptimeRobot/2.0; http://www.uptimerobot.com/)"
216.244.66.236 - - [28/Oct/2025:21:10:47 +0700] "GET /robots.txt HTTP/1.1" 200 1049 "-" "Mozilla/5.0 (compatible; DotBot/1.2; +https://opensiteexplorer.org/dotbot; help@moz.com)"
168.119.123.75 - - [28/Oct/2025:21:15:56 +0700] "GET / HTTP/1.1" 403 - "http://mystric.com" "Mozilla/5.0+(compatible; UptimeRobot/2.0; http://www.uptimerobot.com/)"
216.244.66.236 - - [28/Oct/2025:21:21:46 +0700] "GET /cgi-sys/suspendedpage.cgi?f=2&t=2532 HTTP/1.1" 200 7616 "-" "Mozilla/5.0 (compatible; DotBot/1.2; +https://opensiteexplorer.org/dotbot; help@moz.com)"
173.252.87.7 - - [28/Oct/2025:21:22:26 +0700] "GET /robots.txt HTTP/1.1" 206 1049 "-" "facebookexternalhit/1.1 (+http://www.facebook.com/externalhit_uatext.php)"
88.99.80.227 - - [28/Oct/2025:21:28:41 +0700] "GET / HTTP/1.1" 403 - "http://mystric.com" "Mozilla/5.0+(compatible; UptimeRobot/2.0; http://www.uptimerobot.com/)"
157.90.156.63 - - [28/Oct/2025:21:41:10 +0700] "GET / HTTP/1.1" 403 - "http://mystric.com" "Mozilla/5.0+(compatible; UptimeRobot/2.0; http://www.uptimerobot.com/)"
216.244.66.236 - - [28/Oct/2025:21:43:22 +0700] "GET /cgi-sys/suspendedpage.cgi?f=2&t=1861%5D%D0%9F%D0%BB%D0%B5%D0%B9%D1%82%D0%B5%D0%BA HTTP/1.1" 200 7616 "-" "Mozilla/5.0 (compatible; DotBot/1.2; +https://opensiteexplorer.org/dotbot; help@moz.com)"
216.244.66.236 - - [28/Oct/2025:21:43:26 +0700] "GET /cgi-sys/suspendedpage.cgi?f=2&t=2241 HTTP/1.1" 200 7616 "-" "Mozilla/5.0 (compatible; DotBot/1.2; +https://opensiteexplorer.org/dotbot; help@moz.com)"
216.244.66.236 - - [28/Oct/2025:21:43:28 +0700] "GET /cgi-sys/suspendedpage.cgi?f=2&t=3751 HTTP/1.1" 200 7616 "-" "Mozilla/5.0 (compatible; DotBot/1.2; +https://opensiteexplorer.org/dotbot; help@moz.com)"
43.153.102.138 - - [28/Oct/2025:21:46:56 +0700] "GET / HTTP/1.1" 500 - "-" "Mozilla/5.0 (iPhone; CPU iPhone OS 13_2_3 like Mac OS X) AppleWebKit/605.1.15 (KHTML, like Gecko) Version/13.0.3 Mobile/15E148 Safari/604.1"
157.90.155.240 - - [28/Oct/2025:21:53:17 +0700] "GET / HTTP/1.1" 403 - "http://mystric.com" "Mozilla/5.0+(compatible; UptimeRobot/2.0; http://www.uptimerobot.com/)"
163.44.198.59 - - [28/Oct/2025:21:54:34 +0700] "GET /.well-known/acme-challenge/X71BLNVPPFA0-Y6-68BBN0P7AAEFEL3Q HTTP/1.1" 200 64 "-" "Cpanel-HTTP-Client/1.0"
163.44.198.59 - - [28/Oct/2025:21:54:34 +0700] "GET /.well-known/acme-challenge/68WG_GZNDBZVOZ04COB4DL2G7L4TZEPP HTTP/1.1" 200 64 "-" "Cpanel-HTTP-Client/1.0"
163.44.198.59 - - [28/Oct/2025:21:54:34 +0700] "GET /.well-known/acme-challenge/7OC8X02__Z_MCO16R-7OD4C2J89F4EQP HTTP/1.1" 200 64 "-" "Cpanel-HTTP-Client/1.0"
163.44.198.59 - - [28/Oct/2025:21:54:34 +0700] "GET /.well-known/acme-challenge/S3DFCO47ND7_WFAVK45OZU2427WW01LT HTTP/1.1" 200 64 "-" "Cpanel-HTTP-Client/1.0"
216.244.66.236 - - [28/Oct/2025:21:59:37 +0700] "GET /robots.txt HTTP/1.1" 200 1049 "-" "Mozilla/5.0 (compatible; DotBot/1.2; +https://opensiteexplorer.org/dotbot; help@moz.com)"
216.244.66.236 - - [28/Oct/2025:21:59:37 +0700] "GET /robots.txt HTTP/1.1" 200 1049 "-" "Mozilla/5.0 (compatible; DotBot/1.2; +https://opensiteexplorer.org/dotbot; help@moz.com)"
88.99.80.227 - - [28/Oct/2025:22:08:16 +0700] "GET / HTTP/1.1" 403 - "http://mystric.com" "Mozilla/5.0+(compatible; UptimeRobot/2.0; http://www.uptimerobot.com/)"
216.244.66.236 - - [28/Oct/2025:22:09:41 +0700] "GET /cgi-sys/suspendedpage.cgi?f=2&t=2744 HTTP/1.1" 200 7616 "-" "Mozilla/5.0 (compatible; DotBot/1.2; +https://opensiteexplorer.org/dotbot; help@moz.com)"
216.244.66.236 - - [28/Oct/2025:22:09:46 +0700] "GET /cgi-sys/suspendedpage.cgi?f=2&t=3794 HTTP/1.1" 200 7616 "-" "Mozilla/5.0 (compatible; DotBot/1.2; +https://opensiteexplorer.org/dotbot; help@moz.com)"
49.13.134.145 - - [28/Oct/2025:22:22:16 +0700] "GET / HTTP/1.1" 403 - "http://mystric.com" "Mozilla/5.0+(compatible; UptimeRobot/2.0; http://www.uptimerobot.com/)"
216.244.66.236 - - [28/Oct/2025:22:29:29 +0700] "GET /cgi-sys/suspendedpage.cgi?f=2&t=1383%5D%D0%9A%D0%B0%D0%B7%D0%B8%D0%BD%D0%BE HTTP/1.1" 200 7616 "-" "Mozilla/5.0 (compatible; DotBot/1.2; +https://opensiteexplorer.org/dotbot; help@moz.com)"
216.244.66.236 - - [28/Oct/2025:22:29:39 +0700] "GET /cgi-sys/suspendedpage.cgi?f=2&t=3428 HTTP/1.1" 200 7616 "-" "Mozilla/5.0 (compatible; DotBot/1.2; +https://opensiteexplorer.org/dotbot; help@moz.com)"
216.244.66.236 - - [28/Oct/2025:22:29:43 +0700] "GET /cgi-sys/suspendedpage.cgi?f=2&t=3578 HTTP/1.1" 200 7616 "-" "Mozilla/5.0 (compatible; DotBot/1.2; +https://opensiteexplorer.org/dotbot; help@moz.com)"
216.244.66.236 - - [28/Oct/2025:22:29:46 +0700] "GET /cgi-sys/suspendedpage.cgi?f=2&t=4119 HTTP/1.1" 200 7616 "-" "Mozilla/5.0 (compatible; DotBot/1.2; +https://opensiteexplorer.org/dotbot; help@moz.com)"
216.244.66.236 - - [28/Oct/2025:22:30:07 +0700] "GET /cgi-sys/suspendedpage.cgi?f=2&t=4187 HTTP/1.1" 200 7616 "-" "Mozilla/5.0 (compatible; DotBot/1.2; +https://opensiteexplorer.org/dotbot; help@moz.com)"
216.244.66.236 - - [28/Oct/2025:22:32:41 +0700] "GET /cgi-sys/suspendedpage.cgi?f=2&t=3011 HTTP/1.1" 200 7616 "-" "Mozilla/5.0 (compatible; DotBot/1.2; +https://opensiteexplorer.org/dotbot; help@moz.com)"
52.59.43.236 - - [28/Oct/2025:22:33:31 +0700] "GET / HTTP/1.1" 403 - "http://mystric.com" "Mozilla/5.0+(compatible; UptimeRobot/2.0; http://www.uptimerobot.com/)"
216.244.66.236 - - [28/Oct/2025:22:47:01 +0700] "GET /robots.txt HTTP/1.1" 200 1049 "-" "Mozilla/5.0 (compatible; DotBot/1.2; +https://opensiteexplorer.org/dotbot; help@moz.com)"
216.244.66.236 - - [28/Oct/2025:22:47:01 +0700] "GET /robots.txt HTTP/1.1" 200 1049 "-" "Mozilla/5.0 (compatible; DotBot/1.2; +https://opensiteexplorer.org/dotbot; help@moz.com)"
159.69.158.189 - - [28/Oct/2025:22:47:27 +0700] "GET / HTTP/1.1" 403 - "http://mystric.com" "Mozilla/5.0+(compatible; UptimeRobot/2.0; http://www.uptimerobot.com/)"
3.79.134.69 - - [28/Oct/2025:23:01:25 +0700] "GET / HTTP/1.1" 403 - "http://mystric.com" "Mozilla/5.0+(compatible; UptimeRobot/2.0; http://www.uptimerobot.com/)"
216.244.66.236 - - [28/Oct/2025:23:14:29 +0700] "GET /cgi-sys/suspendedpage.cgi?f=2&t=1721 HTTP/1.1" 200 7616 "-" "Mozilla/5.0 (compatible; DotBot/1.2; +https://opensiteexplorer.org/dotbot; help@moz.com)"
18.193.252.127 - - [28/Oct/2025:23:14:53 +0700] "GET / HTTP/1.1" 403 - "http://mystric.com" "Mozilla/5.0+(compatible; UptimeRobot/2.0; http://www.uptimerobot.com/)"
216.244.66.236 - - [28/Oct/2025:23:17:47 +0700] "GET /cgi-sys/suspendedpage.cgi?f=2&t=2960 HTTP/1.1" 200 7616 "-" "Mozilla/5.0 (compatible; DotBot/1.2; +https://opensiteexplorer.org/dotbot; help@moz.com)"
3.79.134.69 - - [28/Oct/2025:23:25:41 +0700] "GET / HTTP/1.1" 403 - "http://mystric.com" "Mozilla/5.0+(compatible; UptimeRobot/2.0; http://www.uptimerobot.com/)"
216.244.66.236 - - [28/Oct/2025:23:33:30 +0700] "GET /robots.txt HTTP/1.1" 200 1049 "-" "Mozilla/5.0 (compatible; DotBot/1.2; +https://opensiteexplorer.org/dotbot; help@moz.com)"
216.244.66.236 - - [28/Oct/2025:23:33:30 +0700] "GET /robots.txt HTTP/1.1" 200 1049 "-" "Mozilla/5.0 (compatible; DotBot/1.2; +https://opensiteexplorer.org/dotbot; help@moz.com)"
88.99.80.227 - - [28/Oct/2025:23:40:02 +0700] "GET / HTTP/1.1" 403 - "http://mystric.com" "Mozilla/5.0+(compatible; UptimeRobot/2.0; http://www.uptimerobot.com/)"
167.94.138.126 - - [28/Oct/2025:23:41:10 +0700] "GET / HTTP/1.1" 500 - "-" "Mozilla/5.0 (compatible; CensysInspect/1.1; +https://about.censys.io/)"
167.94.138.126 - - [28/Oct/2025:23:41:16 +0700] "GET /favicon.ico HTTP/1.1" 500 - "-" "Mozilla/5.0 (compatible; CensysInspect/1.1; +https://about.censys.io/)"
216.244.66.236 - - [28/Oct/2025:23:42:15 +0700] "GET /cgi-sys/suspendedpage.cgi?f=2&t=2526 HTTP/1.1" 200 7616 "-" "Mozilla/5.0 (compatible; DotBot/1.2; +https://opensiteexplorer.org/dotbot; help@moz.com)"
216.244.66.236 - - [28/Oct/2025:23:45:21 +0700] "GET /forums/viewtopic.php?f=2&t=3714%5D%D0%98%D0%B3%D1%80%D1%8B HTTP/1.1" 500 - "-" "Mozilla/5.0 (compatible; DotBot/1.2; +https://opensiteexplorer.org/dotbot; help@moz.com)"
78.47.173.76 - - [28/Oct/2025:23:52:34 +0700] "GET / HTTP/1.1" 403 - "http://mystric.com" "Mozilla/5.0+(compatible; UptimeRobot/2.0; http://www.uptimerobot.com/)"
216.244.66.236 - - [29/Oct/2025:00:03:41 +0700] "GET /cgi-sys/suspendedpage.cgi?f=2&t=2863 HTTP/1.1" 200 7616 "-" "Mozilla/5.0 (compatible; DotBot/1.2; +https://opensiteexplorer.org/dotbot; help@moz.com)"
216.244.66.236 - - [29/Oct/2025:00:03:47 +0700] "GET /cgi-sys/suspendedpage.cgi?f=2&t=3233 HTTP/1.1" 200 7616 "-" "Mozilla/5.0 (compatible; DotBot/1.2; +https://opensiteexplorer.org/dotbot; help@moz.com)"
18.193.252.127 - - [29/Oct/2025:00:06:25 +0700] "GET / HTTP/1.1" 403 - "http://mystric.com" "Mozilla/5.0+(compatible; UptimeRobot/2.0; http://www.uptimerobot.com/)"
182.44.12.37 - - [29/Oct/2025:00:11:04 +0700] "GET / HTTP/1.1" 500 - "-" "Mozilla/5.0 (iPhone; CPU iPhone OS 13_2_3 like Mac OS X) AppleWebKit/605.1.15 (KHTML, like Gecko) Version/13.0.3 Mobile/15E148 Safari/604.1"
78.46.215.1 - - [29/Oct/2025:00:21:22 +0700] "GET / HTTP/1.1" 403 - "http://mystric.com" "Mozilla/5.0+(compatible; UptimeRobot/2.0; http://www.uptimerobot.com/)"
216.244.66.236 - - [29/Oct/2025:00:23:35 +0700] "GET /robots.txt HTTP/1.1" 200 1049 "-" "Mozilla/5.0 (compatible; DotBot/1.2; +https://opensiteexplorer.org/dotbot; help@moz.com)"
216.244.66.236 - - [29/Oct/2025:00:23:35 +0700] "GET /robots.txt HTTP/1.1" 200 1049 "-" "Mozilla/5.0 (compatible; DotBot/1.2; +https://opensiteexplorer.org/dotbot; help@moz.com)"
216.244.66.236 - - [29/Oct/2025:00:32:36 +0700] "GET /cgi-sys/suspendedpage.cgi?f=2&t=1422 HTTP/1.1" 200 7616 "-" "Mozilla/5.0 (compatible; DotBot/1.2; +https://opensiteexplorer.org/dotbot; help@moz.com)"
78.46.190.63 - - [29/Oct/2025:00:33:03 +0700] "GET / HTTP/1.1" 403 - "http://mystric.com" "Mozilla/5.0+(compatible; UptimeRobot/2.0; http://www.uptimerobot.com/)"
172.177.148.145 - - [29/Oct/2025:00:40:19 +0700] "HEAD /wordpress HTTP/1.1" 500 - "-" "Mozilla/5.0 (Windows NT 10.0; Win64; x64) AppleWebKit/537.36 (KHTML, like Gecko) Chrome/74.0.3729.169 Safari/537.36"
172.177.148.145 - - [29/Oct/2025:00:40:19 +0700] "HEAD / HTTP/1.1" 500 - "-" "Mozilla/5.0 (Windows NT 10.0; Win64; x64) AppleWebKit/537.36 (KHTML, like Gecko) Chrome/74.0.3729.169 Safari/537.36"
172.177.148.145 - - [29/Oct/2025:00:40:20 +0700] "HEAD /wp HTTP/1.1" 500 - "-" "Mozilla/5.0 (Windows NT 10.0; Win64; x64) AppleWebKit/537.36 (KHTML, like Gecko) Chrome/74.0.3729.169 Safari/537.36"
172.177.148.145 - - [29/Oct/2025:00:40:20 +0700] "HEAD /bc HTTP/1.1" 500 - "-" "Mozilla/5.0 (Windows NT 10.0; Win64; x64) AppleWebKit/537.36 (KHTML, like Gecko) Chrome/74.0.3729.169 Safari/537.36"
172.177.148.145 - - [29/Oct/2025:00:40:21 +0700] "HEAD /bk HTTP/1.1" 500 - "-" "Mozilla/5.0 (Windows NT 10.0; Win64; x64) AppleWebKit/537.36 (KHTML, like Gecko) Chrome/74.0.3729.169 Safari/537.36"
172.177.148.145 - - [29/Oct/2025:00:40:22 +0700] "HEAD /backup HTTP/1.1" 500 - "-" "Mozilla/5.0 (Windows NT 10.0; Win64; x64) AppleWebKit/537.36 (KHTML, like Gecko) Chrome/74.0.3729.169 Safari/537.36"
172.177.148.145 - - [29/Oct/2025:00:40:22 +0700] "HEAD /old HTTP/1.1" 500 - "-" "Mozilla/5.0 (Windows NT 10.0; Win64; x64) AppleWebKit/537.36 (KHTML, like Gecko) Chrome/74.0.3729.169 Safari/537.36"
172.177.148.145 - - [29/Oct/2025:00:40:23 +0700] "HEAD /new HTTP/1.1" 500 - "-" "Mozilla/5.0 (Windows NT 10.0; Win64; x64) AppleWebKit/537.36 (KHTML, like Gecko) Chrome/74.0.3729.169 Safari/537.36"
172.177.148.145 - - [29/Oct/2025:00:40:24 +0700] "HEAD /main HTTP/1.1" 500 - "-" "Mozilla/5.0 (Windows NT 10.0; Win64; x64) AppleWebKit/537.36 (KHTML, like Gecko) Chrome/74.0.3729.169 Safari/537.36"
172.177.148.145 - - [29/Oct/2025:00:40:24 +0700] "HEAD /home HTTP/1.1" 500 - "-" "Mozilla/5.0 (Windows NT 10.0; Win64; x64) AppleWebKit/537.36 (KHTML, like Gecko) Chrome/74.0.3729.169 Safari/537.36"
216.244.66.236 - - [29/Oct/2025:00:44:56 +0700] "GET /cgi-sys/suspendedpage.cgi?f=2&t=2146 HTTP/1.1" 200 7616 "-" "Mozilla/5.0 (compatible; DotBot/1.2; +https://opensiteexplorer.org/dotbot; help@moz.com)"
157.90.156.63 - - [29/Oct/2025:00:47:51 +0700] "GET / HTTP/1.1" 403 - "http://mystric.com" "Mozilla/5.0+(compatible; UptimeRobot/2.0; http://www.uptimerobot.com/)"
163.44.198.59 - - [29/Oct/2025:00:54:29 +0700] "GET /.well-known/acme-challenge/RRDJHV0A2ZBZKX60100KOSJQQM0HSXI4 HTTP/1.1" 200 64 "-" "Cpanel-HTTP-Client/1.0"
163.44.198.59 - - [29/Oct/2025:00:54:29 +0700] "GET /.well-known/acme-challenge/C8_ITYPF1NSCUXQ4QLT266D60YYW9WFJ HTTP/1.1" 200 64 "-" "Cpanel-HTTP-Client/1.0"
163.44.198.59 - - [29/Oct/2025:00:54:29 +0700] "GET /.well-known/acme-challenge/Q2UFH10UQVVT91GFQLN90I02LKHUB-8U HTTP/1.1" 200 64 "-" "Cpanel-HTTP-Client/1.0"
163.44.198.59 - - [29/Oct/2025:00:54:29 +0700] "GET /.well-known/acme-challenge/QZKX6_FJCPILFINEU16YJ0WNC85351QZ HTTP/1.1" 200 64 "-" "Cpanel-HTTP-Client/1.0"
216.244.66.236 - - [29/Oct/2025:00:58:49 +0700] "GET /cgi-sys/suspendedpage.cgi?f=2&t=3073 HTTP/1.1" 200 7616 "-" "Mozilla/5.0 (compatible; DotBot/1.2; +https://opensiteexplorer.org/dotbot; help@moz.com)"
168.119.53.160 - - [29/Oct/2025:00:58:49 +0700] "GET / HTTP/1.1" 403 - "http://mystric.com" "Mozilla/5.0+(compatible; UptimeRobot/2.0; http://www.uptimerobot.com/)"
216.244.66.236 - - [29/Oct/2025:01:01:40 +0700] "GET /cgi-sys/suspendedpage.cgi?f=2&t=2363 HTTP/1.1" 200 7616 "-" "Mozilla/5.0 (compatible; DotBot/1.2; +https://opensiteexplorer.org/dotbot; help@moz.com)"
63.178.84.147 - - [29/Oct/2025:01:09:13 +0700] "GET / HTTP/1.1" 403 - "http://mystric.com" "Mozilla/5.0+(compatible; UptimeRobot/2.0; http://www.uptimerobot.com/)"
216.244.66.236 - - [29/Oct/2025:01:12:08 +0700] "GET /robots.txt HTTP/1.1" 200 1049 "-" "Mozilla/5.0 (compatible; DotBot/1.2; +https://opensiteexplorer.org/dotbot; help@moz.com)"
49.13.164.148 - - [29/Oct/2025:01:19:41 +0700] "GET / HTTP/1.1" 403 - "http://mystric.com" "Mozilla/5.0+(compatible; UptimeRobot/2.0; http://www.uptimerobot.com/)"
216.244.66.236 - - [29/Oct/2025:01:24:44 +0700] "GET /cgi-sys/suspendedpage.cgi?f=2&t=2983 HTTP/1.1" 200 7616 "-" "Mozilla/5.0 (compatible; DotBot/1.2; +https://opensiteexplorer.org/dotbot; help@moz.com)"
3.79.134.69 - - [29/Oct/2025:01:32:17 +0700] "GET / HTTP/1.1" 403 - "http://mystric.com" "Mozilla/5.0+(compatible; UptimeRobot/2.0; http://www.uptimerobot.com/)"
49.13.134.145 - - [29/Oct/2025:01:44:35 +0700] "GET / HTTP/1.1" 403 - "http://mystric.com" "Mozilla/5.0+(compatible; UptimeRobot/2.0; http://www.uptimerobot.com/)"
168.119.123.75 - - [29/Oct/2025:01:56:13 +0700] "GET / HTTP/1.1" 403 - "http://mystric.com" "Mozilla/5.0+(compatible; UptimeRobot/2.0; http://www.uptimerobot.com/)"
216.244.66.236 - - [29/Oct/2025:01:59:35 +0700] "GET /robots.txt HTTP/1.1" 200 1049 "-" "Mozilla/5.0 (compatible; DotBot/1.2; +https://opensiteexplorer.org/dotbot; help@moz.com)"
34.63.63.176 - - [29/Oct/2025:02:01:50 +0700] "GET / HTTP/1.1" 500 - "-" "Mozilla/5.0 (Windows NT 5.1) AppleWebKit/537.36 (KHTML, like Gecko) Chrome/31.0.1650.16 Safari/537.36"
216.244.66.236 - - [29/Oct/2025:02:08:23 +0700] "GET /cgi-sys/suspendedpage.cgi?f=2&t=2180 HTTP/1.1" 200 7616 "-" "Mozilla/5.0 (compatible; DotBot/1.2; +https://opensiteexplorer.org/dotbot; help@moz.com)"
128.140.41.193 - - [29/Oct/2025:02:09:04 +0700] "GET / HTTP/1.1" 403 - "http://mystric.com" "Mozilla/5.0+(compatible; UptimeRobot/2.0; http://www.uptimerobot.com/)"
216.244.66.236 - - [29/Oct/2025:02:17:40 +0700] "GET /cgi-sys/suspendedpage.cgi?f=2&t=2193 HTTP/1.1" 200 7616 "-" "Mozilla/5.0 (compatible; DotBot/1.2; +https://opensiteexplorer.org/dotbot; help@moz.com)"
49.13.24.81 - - [29/Oct/2025:02:23:08 +0700] "GET / HTTP/1.1" 403 - "http://mystric.com" "Mozilla/5.0+(compatible; UptimeRobot/2.0; http://www.uptimerobot.com/)"
168.119.123.75 - - [29/Oct/2025:02:33:32 +0700] "GET / HTTP/1.1" 403 - "http://mystric.com" "Mozilla/5.0+(compatible; UptimeRobot/2.0; http://www.uptimerobot.com/)"