20.171.207.246 - - [28/Oct/2025:20:22:00 +0700] "GET /?item=15590000 HTTP/1.1" 200 162377 "-" "Mozilla/5.0 AppleWebKit/537.36 (KHTML, like Gecko; compatible; GPTBot/1.2; +https://openai.com/gptbot)"
20.171.207.246 - - [28/Oct/2025:20:22:06 +0700] "GET /?item=15600008 HTTP/1.1" 200 162377 "-" "Mozilla/5.0 AppleWebKit/537.36 (KHTML, like Gecko; compatible; GPTBot/1.2; +https://openai.com/gptbot)"
20.171.207.246 - - [28/Oct/2025:20:22:10 +0700] "GET /?item=15645600 HTTP/1.1" 200 162377 "-" "Mozilla/5.0 AppleWebKit/537.36 (KHTML, like Gecko; compatible; GPTBot/1.2; +https://openai.com/gptbot)"
20.171.207.246 - - [28/Oct/2025:20:22:14 +0700] "GET /?item=15616166 HTTP/1.1" 200 162377 "-" "Mozilla/5.0 AppleWebKit/537.36 (KHTML, like Gecko; compatible; GPTBot/1.2; +https://openai.com/gptbot)"
20.171.207.246 - - [28/Oct/2025:20:22:18 +0700] "GET /?item=15641532 HTTP/1.1" 200 162377 "-" "Mozilla/5.0 AppleWebKit/537.36 (KHTML, like Gecko; compatible; GPTBot/1.2; +https://openai.com/gptbot)"
20.171.207.246 - - [28/Oct/2025:20:22:23 +0700] "GET /?item=15590000 HTTP/1.1" 200 162377 "-" "Mozilla/5.0 AppleWebKit/537.36 (KHTML, like Gecko; compatible; GPTBot/1.2; +https://openai.com/gptbot)"
20.171.207.246 - - [28/Oct/2025:20:22:29 +0700] "GET /?item=15633332 HTTP/1.1" 200 162377 "-" "Mozilla/5.0 AppleWebKit/537.36 (KHTML, like Gecko; compatible; GPTBot/1.2; +https://openai.com/gptbot)"
20.171.207.246 - - [28/Oct/2025:20:22:33 +0700] "GET /?item=15600008 HTTP/1.1" 200 162377 "-" "Mozilla/5.0 AppleWebKit/537.36 (KHTML, like Gecko; compatible; GPTBot/1.2; +https://openai.com/gptbot)"
20.171.207.246 - - [28/Oct/2025:20:22:39 +0700] "GET /?item=15629000 HTTP/1.1" 200 162377 "-" "Mozilla/5.0 AppleWebKit/537.36 (KHTML, like Gecko; compatible; GPTBot/1.2; +https://openai.com/gptbot)"
20.171.207.246 - - [28/Oct/2025:20:22:46 +0700] "GET /?item=15649992 HTTP/1.1" 200 162377 "-" "Mozilla/5.0 AppleWebKit/537.36 (KHTML, like Gecko; compatible; GPTBot/1.2; +https://openai.com/gptbot)"
20.171.207.246 - - [28/Oct/2025:20:22:50 +0700] "GET /?item=15633332 HTTP/1.1" 200 162377 "-" "Mozilla/5.0 AppleWebKit/537.36 (KHTML, like Gecko; compatible; GPTBot/1.2; +https://openai.com/gptbot)"
163.44.198.59 - - [28/Oct/2025:20:22:56 +0700] "POST /wp-cron.php?doing_wp_cron=1761657776.1868801116943359375000 HTTP/1.1" 200 - "https://grillshack.mystric.com/wp-cron.php?doing_wp_cron=1761657776.1868801116943359375000" "WordPress/6.0.11; https://grillshack.mystric.com"
20.171.207.246 - - [28/Oct/2025:20:22:54 +0700] "GET /?item=15629000 HTTP/1.1" 200 162377 "-" "Mozilla/5.0 AppleWebKit/537.36 (KHTML, like Gecko; compatible; GPTBot/1.2; +https://openai.com/gptbot)"
20.171.207.246 - - [28/Oct/2025:20:23:02 +0700] "GET /?item=15622230 HTTP/1.1" 200 162377 "-" "Mozilla/5.0 AppleWebKit/537.36 (KHTML, like Gecko; compatible; GPTBot/1.2; +https://openai.com/gptbot)"
20.171.207.246 - - [28/Oct/2025:20:23:08 +0700] "GET /?item=15643222 HTTP/1.1" 200 162377 "-" "Mozilla/5.0 AppleWebKit/537.36 (KHTML, like Gecko; compatible; GPTBot/1.2; +https://openai.com/gptbot)"
20.171.207.246 - - [28/Oct/2025:20:23:12 +0700] "GET /?item=15649992 HTTP/1.1" 200 162377 "-" "Mozilla/5.0 AppleWebKit/537.36 (KHTML, like Gecko; compatible; GPTBot/1.2; +https://openai.com/gptbot)"
20.171.207.246 - - [28/Oct/2025:20:23:18 +0700] "GET /?item=15624440 HTTP/1.1" 200 162377 "-" "Mozilla/5.0 AppleWebKit/537.36 (KHTML, like Gecko; compatible; GPTBot/1.2; +https://openai.com/gptbot)"
20.171.207.246 - - [28/Oct/2025:20:23:24 +0700] "GET /?item=15588888 HTTP/1.1" 200 162377 "-" "Mozilla/5.0 AppleWebKit/537.36 (KHTML, like Gecko; compatible; GPTBot/1.2; +https://openai.com/gptbot)"
20.171.207.246 - - [28/Oct/2025:20:23:28 +0700] "GET /?item=15643222 HTTP/1.1" 200 162377 "-" "Mozilla/5.0 AppleWebKit/537.36 (KHTML, like Gecko; compatible; GPTBot/1.2; +https://openai.com/gptbot)"
20.171.207.246 - - [28/Oct/2025:20:23:34 +0700] "GET /?item=15640644 HTTP/1.1" 200 162377 "-" "Mozilla/5.0 AppleWebKit/537.36 (KHTML, like Gecko; compatible; GPTBot/1.2; +https://openai.com/gptbot)"
20.171.207.246 - - [28/Oct/2025:20:23:38 +0700] "GET /?item=15624440 HTTP/1.1" 200 162377 "-" "Mozilla/5.0 AppleWebKit/537.36 (KHTML, like Gecko; compatible; GPTBot/1.2; +https://openai.com/gptbot)"
20.171.207.246 - - [28/Oct/2025:20:23:41 +0700] "GET /?item=15588888 HTTP/1.1" 200 162377 "-" "Mozilla/5.0 AppleWebKit/537.36 (KHTML, like Gecko; compatible; GPTBot/1.2; +https://openai.com/gptbot)"
20.171.207.246 - - [28/Oct/2025:20:23:48 +0700] "GET /?item=15628626 HTTP/1.1" 200 162377 "-" "Mozilla/5.0 AppleWebKit/537.36 (KHTML, like Gecko; compatible; GPTBot/1.2; +https://openai.com/gptbot)"
20.171.207.246 - - [28/Oct/2025:20:23:52 +0700] "GET /?item=15640644 HTTP/1.1" 200 162377 "-" "Mozilla/5.0 AppleWebKit/537.36 (KHTML, like Gecko; compatible; GPTBot/1.2; +https://openai.com/gptbot)"
163.44.198.59 - - [28/Oct/2025:20:23:58 +0700] "POST /wp-cron.php?doing_wp_cron=1761657838.7832510471343994140625 HTTP/1.1" 200 - "https://grillshack.mystric.com/wp-cron.php?doing_wp_cron=1761657838.7832510471343994140625" "WordPress/6.0.11; https://grillshack.mystric.com"
20.171.207.246 - - [28/Oct/2025:20:23:57 +0700] "GET /?item=15622230 HTTP/1.1" 200 162377 "-" "Mozilla/5.0 AppleWebKit/537.36 (KHTML, like Gecko; compatible; GPTBot/1.2; +https://openai.com/gptbot)"
20.171.207.246 - - [28/Oct/2025:20:24:04 +0700] "GET /?item=15615310 HTTP/1.1" 200 162377 "-" "Mozilla/5.0 AppleWebKit/537.36 (KHTML, like Gecko; compatible; GPTBot/1.2; +https://openai.com/gptbot)"
20.171.207.246 - - [28/Oct/2025:20:24:10 +0700] "GET /?item=15621414 HTTP/1.1" 200 162377 "-" "Mozilla/5.0 AppleWebKit/537.36 (KHTML, like Gecko; compatible; GPTBot/1.2; +https://openai.com/gptbot)"
20.171.207.246 - - [28/Oct/2025:20:24:16 +0700] "GET /?item=15653636 HTTP/1.1" 200 162377 "-" "Mozilla/5.0 AppleWebKit/537.36 (KHTML, like Gecko; compatible; GPTBot/1.2; +https://openai.com/gptbot)"
20.171.207.246 - - [28/Oct/2025:20:24:22 +0700] "GET /?item=15646416 HTTP/1.1" 200 162377 "-" "Mozilla/5.0 AppleWebKit/537.36 (KHTML, like Gecko; compatible; GPTBot/1.2; +https://openai.com/gptbot)"
20.171.207.246 - - [28/Oct/2025:20:24:27 +0700] "GET /?item=15615542 HTTP/1.1" 200 162377 "-" "Mozilla/5.0 AppleWebKit/537.36 (KHTML, like Gecko; compatible; GPTBot/1.2; +https://openai.com/gptbot)"
20.171.207.246 - - [28/Oct/2025:20:24:33 +0700] "GET /?item=15606860 HTTP/1.1" 200 162377 "-" "Mozilla/5.0 AppleWebKit/537.36 (KHTML, like Gecko; compatible; GPTBot/1.2; +https://openai.com/gptbot)"
20.171.207.246 - - [28/Oct/2025:20:24:39 +0700] "GET /?item=15591566 HTTP/1.1" 200 162377 "-" "Mozilla/5.0 AppleWebKit/537.36 (KHTML, like Gecko; compatible; GPTBot/1.2; +https://openai.com/gptbot)"
20.171.207.246 - - [28/Oct/2025:20:24:45 +0700] "GET /?item=15642242 HTTP/1.1" 200 162377 "-" "Mozilla/5.0 AppleWebKit/537.36 (KHTML, like Gecko; compatible; GPTBot/1.2; +https://openai.com/gptbot)"
20.171.207.246 - - [28/Oct/2025:20:24:49 +0700] "GET /?item=15621414 HTTP/1.1" 200 162377 "-" "Mozilla/5.0 AppleWebKit/537.36 (KHTML, like Gecko; compatible; GPTBot/1.2; +https://openai.com/gptbot)"
163.44.198.59 - - [28/Oct/2025:20:24:56 +0700] "POST /wp-cron.php?doing_wp_cron=1761657896.9269030094146728515625 HTTP/1.1" 200 - "https://grillshack.mystric.com/wp-cron.php?doing_wp_cron=1761657896.9269030094146728515625" "WordPress/6.0.11; https://grillshack.mystric.com"
20.171.207.246 - - [28/Oct/2025:20:24:55 +0700] "GET /?item=15606568 HTTP/1.1" 200 162377 "-" "Mozilla/5.0 AppleWebKit/537.36 (KHTML, like Gecko; compatible; GPTBot/1.2; +https://openai.com/gptbot)"
20.171.207.246 - - [28/Oct/2025:20:25:03 +0700] "GET /?item=15615716 HTTP/1.1" 200 162377 "-" "Mozilla/5.0 AppleWebKit/537.36 (KHTML, like Gecko; compatible; GPTBot/1.2; +https://openai.com/gptbot)"
20.171.207.246 - - [28/Oct/2025:20:25:09 +0700] "GET /?item=15650606 HTTP/1.1" 200 162377 "-" "Mozilla/5.0 AppleWebKit/537.36 (KHTML, like Gecko; compatible; GPTBot/1.2; +https://openai.com/gptbot)"
20.171.207.246 - - [28/Oct/2025:20:25:15 +0700] "GET /?item=15654542 HTTP/1.1" 200 162377 "-" "Mozilla/5.0 AppleWebKit/537.36 (KHTML, like Gecko; compatible; GPTBot/1.2; +https://openai.com/gptbot)"
20.171.207.246 - - [28/Oct/2025:20:25:18 +0700] "GET /?item=15642242 HTTP/1.1" 200 162377 "-" "Mozilla/5.0 AppleWebKit/537.36 (KHTML, like Gecko; compatible; GPTBot/1.2; +https://openai.com/gptbot)"
20.171.207.246 - - [28/Oct/2025:20:25:22 +0700] "GET /?item=15650606 HTTP/1.1" 200 162377 "-" "Mozilla/5.0 AppleWebKit/537.36 (KHTML, like Gecko; compatible; GPTBot/1.2; +https://openai.com/gptbot)"
20.171.207.246 - - [28/Oct/2025:20:25:27 +0700] "GET /?item=15654542 HTTP/1.1" 200 162377 "-" "Mozilla/5.0 AppleWebKit/537.36 (KHTML, like Gecko; compatible; GPTBot/1.2; +https://openai.com/gptbot)"
20.171.207.246 - - [28/Oct/2025:20:25:33 +0700] "GET /?item=15619192 HTTP/1.1" 200 162377 "-" "Mozilla/5.0 AppleWebKit/537.36 (KHTML, like Gecko; compatible; GPTBot/1.2; +https://openai.com/gptbot)"
20.171.207.246 - - [28/Oct/2025:20:25:37 +0700] "GET /?item=15591566 HTTP/1.1" 200 162377 "-" "Mozilla/5.0 AppleWebKit/537.36 (KHTML, like Gecko; compatible; GPTBot/1.2; +https://openai.com/gptbot)"
20.171.207.246 - - [28/Oct/2025:20:25:43 +0700] "GET /?item=15651554 HTTP/1.1" 200 162377 "-" "Mozilla/5.0 AppleWebKit/537.36 (KHTML, like Gecko; compatible; GPTBot/1.2; +https://openai.com/gptbot)"
20.171.207.246 - - [28/Oct/2025:20:25:49 +0700] "GET /?item=15661212 HTTP/1.1" 200 162377 "-" "Mozilla/5.0 AppleWebKit/537.36 (KHTML, like Gecko; compatible; GPTBot/1.2; +https://openai.com/gptbot)"
163.44.198.59 - - [28/Oct/2025:20:25:57 +0700] "POST /wp-cron.php?doing_wp_cron=1761657957.2381229400634765625000 HTTP/1.1" 200 - "https://grillshack.mystric.com/wp-cron.php?doing_wp_cron=1761657957.2381229400634765625000" "WordPress/6.0.11; https://grillshack.mystric.com"
20.171.207.246 - - [28/Oct/2025:20:25:55 +0700] "GET /?item=15655690 HTTP/1.1" 200 162377 "-" "Mozilla/5.0 AppleWebKit/537.36 (KHTML, like Gecko; compatible; GPTBot/1.2; +https://openai.com/gptbot)"
20.171.207.246 - - [28/Oct/2025:20:26:03 +0700] "GET /?item=15615916 HTTP/1.1" 200 162377 "-" "Mozilla/5.0 AppleWebKit/537.36 (KHTML, like Gecko; compatible; GPTBot/1.2; +https://openai.com/gptbot)"
20.171.207.246 - - [28/Oct/2025:20:26:07 +0700] "GET /?item=15619192 HTTP/1.1" 200 162377 "-" "Mozilla/5.0 AppleWebKit/537.36 (KHTML, like Gecko; compatible; GPTBot/1.2; +https://openai.com/gptbot)"
20.171.207.246 - - [28/Oct/2025:20:26:11 +0700] "GET /?item=15655690 HTTP/1.1" 200 162377 "-" "Mozilla/5.0 AppleWebKit/537.36 (KHTML, like Gecko; compatible; GPTBot/1.2; +https://openai.com/gptbot)"
20.171.207.246 - - [28/Oct/2025:20:26:17 +0700] "GET /?item=15644744 HTTP/1.1" 200 162377 "-" "Mozilla/5.0 AppleWebKit/537.36 (KHTML, like Gecko; compatible; GPTBot/1.2; +https://openai.com/gptbot)"
20.171.207.246 - - [28/Oct/2025:20:26:21 +0700] "GET /?item=15651554 HTTP/1.1" 200 162377 "-" "Mozilla/5.0 AppleWebKit/537.36 (KHTML, like Gecko; compatible; GPTBot/1.2; +https://openai.com/gptbot)"
20.171.207.246 - - [28/Oct/2025:20:26:26 +0700] "GET /?item=15615310 HTTP/1.1" 200 162377 "-" "Mozilla/5.0 AppleWebKit/537.36 (KHTML, like Gecko; compatible; GPTBot/1.2; +https://openai.com/gptbot)"
20.171.207.246 - - [28/Oct/2025:20:26:32 +0700] "GET /?item=15645158 HTTP/1.1" 200 162377 "-" "Mozilla/5.0 AppleWebKit/537.36 (KHTML, like Gecko; compatible; GPTBot/1.2; +https://openai.com/gptbot)"
20.171.207.246 - - [28/Oct/2025:20:26:38 +0700] "GET /?item=15605256 HTTP/1.1" 200 162377 "-" "Mozilla/5.0 AppleWebKit/537.36 (KHTML, like Gecko; compatible; GPTBot/1.2; +https://openai.com/gptbot)"
20.171.207.246 - - [28/Oct/2025:20:26:44 +0700] "GET /?item=15658150 HTTP/1.1" 200 162377 "-" "Mozilla/5.0 AppleWebKit/537.36 (KHTML, like Gecko; compatible; GPTBot/1.2; +https://openai.com/gptbot)"
20.171.207.246 - - [28/Oct/2025:20:26:48 +0700] "GET /?item=15615542 HTTP/1.1" 200 162377 "-" "Mozilla/5.0 AppleWebKit/537.36 (KHTML, like Gecko; compatible; GPTBot/1.2; +https://openai.com/gptbot)"
20.171.207.246 - - [28/Oct/2025:20:26:52 +0700] "GET /?item=15653636 HTTP/1.1" 200 162377 "-" "Mozilla/5.0 AppleWebKit/537.36 (KHTML, like Gecko; compatible; GPTBot/1.2; +https://openai.com/gptbot)"
20.171.207.246 - - [28/Oct/2025:20:26:59 +0700] "GET /?item=15595990 HTTP/1.1" 200 162377 "-" "Mozilla/5.0 AppleWebKit/537.36 (KHTML, like Gecko; compatible; GPTBot/1.2; +https://openai.com/gptbot)"
20.171.207.246 - - [28/Oct/2025:20:27:03 +0700] "GET /?item=15615716 HTTP/1.1" 200 162377 "-" "Mozilla/5.0 AppleWebKit/537.36 (KHTML, like Gecko; compatible; GPTBot/1.2; +https://openai.com/gptbot)"
20.171.207.246 - - [28/Oct/2025:20:27:09 +0700] "GET /?item=15615018 HTTP/1.1" 200 162377 "-" "Mozilla/5.0 AppleWebKit/537.36 (KHTML, like Gecko; compatible; GPTBot/1.2; +https://openai.com/gptbot)"
20.171.207.246 - - [28/Oct/2025:20:27:13 +0700] "GET /?item=15595990 HTTP/1.1" 200 162377 "-" "Mozilla/5.0 AppleWebKit/537.36 (KHTML, like Gecko; compatible; GPTBot/1.2; +https://openai.com/gptbot)"
20.171.207.246 - - [28/Oct/2025:20:27:17 +0700] "GET /?item=15644744 HTTP/1.1" 200 162377 "-" "Mozilla/5.0 AppleWebKit/537.36 (KHTML, like Gecko; compatible; GPTBot/1.2; +https://openai.com/gptbot)"
20.171.207.246 - - [28/Oct/2025:20:27:23 +0700] "GET /?item=15656670 HTTP/1.1" 200 162377 "-" "Mozilla/5.0 AppleWebKit/537.36 (KHTML, like Gecko; compatible; GPTBot/1.2; +https://openai.com/gptbot)"
20.171.207.246 - - [28/Oct/2025:20:27:30 +0700] "GET /?item=15652452 HTTP/1.1" 200 162377 "-" "Mozilla/5.0 AppleWebKit/537.36 (KHTML, like Gecko; compatible; GPTBot/1.2; +https://openai.com/gptbot)"
20.171.207.246 - - [28/Oct/2025:20:27:34 +0700] "GET /?item=15628626 HTTP/1.1" 200 162377 "-" "Mozilla/5.0 AppleWebKit/537.36 (KHTML, like Gecko; compatible; GPTBot/1.2; +https://openai.com/gptbot)"
20.171.207.246 - - [28/Oct/2025:20:27:40 +0700] "GET /?item=15646056 HTTP/1.1" 200 162377 "-" "Mozilla/5.0 AppleWebKit/537.36 (KHTML, like Gecko; compatible; GPTBot/1.2; +https://openai.com/gptbot)"
20.171.207.246 - - [28/Oct/2025:20:27:45 +0700] "GET /?item=15656670 HTTP/1.1" 200 162377 "-" "Mozilla/5.0 AppleWebKit/537.36 (KHTML, like Gecko; compatible; GPTBot/1.2; +https://openai.com/gptbot)"
20.171.207.246 - - [28/Oct/2025:20:27:49 +0700] "GET /?item=15652452 HTTP/1.1" 200 162377 "-" "Mozilla/5.0 AppleWebKit/537.36 (KHTML, like Gecko; compatible; GPTBot/1.2; +https://openai.com/gptbot)"
163.44.198.59 - - [28/Oct/2025:20:27:56 +0700] "POST /wp-cron.php?doing_wp_cron=1761658076.6661109924316406250000 HTTP/1.1" 200 - "https://grillshack.mystric.com/wp-cron.php?doing_wp_cron=1761658076.6661109924316406250000" "WordPress/6.0.11; https://grillshack.mystric.com"
20.171.207.246 - - [28/Oct/2025:20:27:55 +0700] "GET /?item=15635560 HTTP/1.1" 200 162377 "-" "Mozilla/5.0 AppleWebKit/537.36 (KHTML, like Gecko; compatible; GPTBot/1.2; +https://openai.com/gptbot)"
20.171.207.246 - - [28/Oct/2025:20:28:02 +0700] "GET /?item=15605056 HTTP/1.1" 200 162377 "-" "Mozilla/5.0 AppleWebKit/537.36 (KHTML, like Gecko; compatible; GPTBot/1.2; +https://openai.com/gptbot)"
20.171.207.246 - - [28/Oct/2025:20:28:07 +0700] "GET /?item=15615018 HTTP/1.1" 200 162377 "-" "Mozilla/5.0 AppleWebKit/537.36 (KHTML, like Gecko; compatible; GPTBot/1.2; +https://openai.com/gptbot)"
20.171.207.246 - - [28/Oct/2025:20:28:11 +0700] "GET /?item=15635560 HTTP/1.1" 200 162377 "-" "Mozilla/5.0 AppleWebKit/537.36 (KHTML, like Gecko; compatible; GPTBot/1.2; +https://openai.com/gptbot)"
20.171.207.246 - - [28/Oct/2025:20:28:17 +0700] "GET /?item=15596154 HTTP/1.1" 200 162377 "-" "Mozilla/5.0 AppleWebKit/537.36 (KHTML, like Gecko; compatible; GPTBot/1.2; +https://openai.com/gptbot)"
20.171.207.246 - - [28/Oct/2025:20:28:22 +0700] "GET /?item=15609606 HTTP/1.1" 200 162377 "-" "Mozilla/5.0 AppleWebKit/537.36 (KHTML, like Gecko; compatible; GPTBot/1.2; +https://openai.com/gptbot)"
20.171.207.246 - - [28/Oct/2025:20:28:28 +0700] "GET /?item=15641550 HTTP/1.1" 200 162377 "-" "Mozilla/5.0 AppleWebKit/537.36 (KHTML, like Gecko; compatible; GPTBot/1.2; +https://openai.com/gptbot)"
20.171.207.246 - - [28/Oct/2025:20:28:34 +0700] "GET /?item=15651590 HTTP/1.1" 200 162377 "-" "Mozilla/5.0 AppleWebKit/537.36 (KHTML, like Gecko; compatible; GPTBot/1.2; +https://openai.com/gptbot)"
20.171.207.246 - - [28/Oct/2025:20:28:40 +0700] "GET /?item=15618918 HTTP/1.1" 200 162377 "-" "Mozilla/5.0 AppleWebKit/537.36 (KHTML, like Gecko; compatible; GPTBot/1.2; +https://openai.com/gptbot)"
20.171.207.246 - - [28/Oct/2025:20:28:43 +0700] "GET /?item=15609606 HTTP/1.1" 200 162377 "-" "Mozilla/5.0 AppleWebKit/537.36 (KHTML, like Gecko; compatible; GPTBot/1.2; +https://openai.com/gptbot)"
20.171.207.246 - - [28/Oct/2025:20:28:47 +0700] "GET /?item=15651590 HTTP/1.1" 200 162377 "-" "Mozilla/5.0 AppleWebKit/537.36 (KHTML, like Gecko; compatible; GPTBot/1.2; +https://openai.com/gptbot)"
20.171.207.246 - - [28/Oct/2025:20:28:51 +0700] "GET /?item=15594550 HTTP/1.1" 200 162377 "-" "Mozilla/5.0 AppleWebKit/537.36 (KHTML, like Gecko; compatible; GPTBot/1.2; +https://openai.com/gptbot)"
163.44.198.59 - - [28/Oct/2025:20:28:56 +0700] "POST /wp-cron.php?doing_wp_cron=1761658136.8459489345550537109375 HTTP/1.1" 200 - "https://grillshack.mystric.com/wp-cron.php?doing_wp_cron=1761658136.8459489345550537109375" "WordPress/6.0.11; https://grillshack.mystric.com"
20.171.207.246 - - [28/Oct/2025:20:28:55 +0700] "GET /?item=15641550 HTTP/1.1" 200 162377 "-" "Mozilla/5.0 AppleWebKit/537.36 (KHTML, like Gecko; compatible; GPTBot/1.2; +https://openai.com/gptbot)"
20.171.207.246 - - [28/Oct/2025:20:29:00 +0700] "GET /?item=15618918 HTTP/1.1" 200 162377 "-" "Mozilla/5.0 AppleWebKit/537.36 (KHTML, like Gecko; compatible; GPTBot/1.2; +https://openai.com/gptbot)"
20.171.207.246 - - [28/Oct/2025:20:29:04 +0700] "GET /?item=15606860 HTTP/1.1" 200 162377 "-" "Mozilla/5.0 AppleWebKit/537.36 (KHTML, like Gecko; compatible; GPTBot/1.2; +https://openai.com/gptbot)"
20.171.207.246 - - [28/Oct/2025:20:29:08 +0700] "GET /?item=15658150 HTTP/1.1" 200 162377 "-" "Mozilla/5.0 AppleWebKit/537.36 (KHTML, like Gecko; compatible; GPTBot/1.2; +https://openai.com/gptbot)"
20.171.207.246 - - [28/Oct/2025:20:29:12 +0700] "GET /?item=15606568 HTTP/1.1" 200 162377 "-" "Mozilla/5.0 AppleWebKit/537.36 (KHTML, like Gecko; compatible; GPTBot/1.2; +https://openai.com/gptbot)"
20.171.207.246 - - [28/Oct/2025:20:29:18 +0700] "GET /?item=15659590 HTTP/1.1" 200 162377 "-" "Mozilla/5.0 AppleWebKit/537.36 (KHTML, like Gecko; compatible; GPTBot/1.2; +https://openai.com/gptbot)"
20.171.207.246 - - [28/Oct/2025:20:29:22 +0700] "GET /?item=15605256 HTTP/1.1" 200 162377 "-" "Mozilla/5.0 AppleWebKit/537.36 (KHTML, like Gecko; compatible; GPTBot/1.2; +https://openai.com/gptbot)"
20.171.207.246 - - [28/Oct/2025:20:29:29 +0700] "GET /?item=15608008 HTTP/1.1" 200 162377 "-" "Mozilla/5.0 AppleWebKit/537.36 (KHTML, like Gecko; compatible; GPTBot/1.2; +https://openai.com/gptbot)"
20.171.207.246 - - [28/Oct/2025:20:29:33 +0700] "GET /?item=15615916 HTTP/1.1" 200 162377 "-" "Mozilla/5.0 AppleWebKit/537.36 (KHTML, like Gecko; compatible; GPTBot/1.2; +https://openai.com/gptbot)"
20.171.207.246 - - [28/Oct/2025:20:29:37 +0700] "GET /?item=15659590 HTTP/1.1" 200 162377 "-" "Mozilla/5.0 AppleWebKit/537.36 (KHTML, like Gecko; compatible; GPTBot/1.2; +https://openai.com/gptbot)"
20.171.207.246 - - [28/Oct/2025:20:29:43 +0700] "GET /?item=15591530 HTTP/1.1" 200 162377 "-" "Mozilla/5.0 AppleWebKit/537.36 (KHTML, like Gecko; compatible; GPTBot/1.2; +https://openai.com/gptbot)"
20.171.207.246 - - [28/Oct/2025:20:29:47 +0700] "GET /?item=15608008 HTTP/1.1" 200 162377 "-" "Mozilla/5.0 AppleWebKit/537.36 (KHTML, like Gecko; compatible; GPTBot/1.2; +https://openai.com/gptbot)"
20.171.207.246 - - [28/Oct/2025:20:29:53 +0700] "GET /?item=15588154 HTTP/1.1" 200 162377 "-" "Mozilla/5.0 AppleWebKit/537.36 (KHTML, like Gecko; compatible; GPTBot/1.2; +https://openai.com/gptbot)"
20.171.207.246 - - [28/Oct/2025:20:30:00 +0700] "GET /?item=15595908 HTTP/1.1" 200 162377 "-" "Mozilla/5.0 AppleWebKit/537.36 (KHTML, like Gecko; compatible; GPTBot/1.2; +https://openai.com/gptbot)"
20.171.207.246 - - [28/Oct/2025:20:30:05 +0700] "GET /?item=15645158 HTTP/1.1" 200 162377 "-" "Mozilla/5.0 AppleWebKit/537.36 (KHTML, like Gecko; compatible; GPTBot/1.2; +https://openai.com/gptbot)"
20.171.207.246 - - [28/Oct/2025:20:30:09 +0700] "GET /?item=15591530 HTTP/1.1" 200 162377 "-" "Mozilla/5.0 AppleWebKit/537.36 (KHTML, like Gecko; compatible; GPTBot/1.2; +https://openai.com/gptbot)"
20.171.207.246 - - [28/Oct/2025:20:30:14 +0700] "GET /?item=15595908 HTTP/1.1" 200 162377 "-" "Mozilla/5.0 AppleWebKit/537.36 (KHTML, like Gecko; compatible; GPTBot/1.2; +https://openai.com/gptbot)"
20.171.207.246 - - [28/Oct/2025:20:30:20 +0700] "GET /?item=15615752 HTTP/1.1" 200 162377 "-" "Mozilla/5.0 AppleWebKit/537.36 (KHTML, like Gecko; compatible; GPTBot/1.2; +https://openai.com/gptbot)"
20.171.207.246 - - [28/Oct/2025:20:30:24 +0700] "GET /?item=15588154 HTTP/1.1" 200 162377 "-" "Mozilla/5.0 AppleWebKit/537.36 (KHTML, like Gecko; compatible; GPTBot/1.2; +https://openai.com/gptbot)"
20.171.207.246 - - [28/Oct/2025:20:30:28 +0700] "GET /?item=15646056 HTTP/1.1" 200 162377 "-" "Mozilla/5.0 AppleWebKit/537.36 (KHTML, like Gecko; compatible; GPTBot/1.2; +https://openai.com/gptbot)"
20.171.207.246 - - [28/Oct/2025:20:30:34 +0700] "GET /?item=15656096 HTTP/1.1" 200 162377 "-" "Mozilla/5.0 AppleWebKit/537.36 (KHTML, like Gecko; compatible; GPTBot/1.2; +https://openai.com/gptbot)"
20.171.207.246 - - [28/Oct/2025:20:30:40 +0700] "GET /?item=15588688 HTTP/1.1" 200 162377 "-" "Mozilla/5.0 AppleWebKit/537.36 (KHTML, like Gecko; compatible; GPTBot/1.2; +https://openai.com/gptbot)"
20.171.207.246 - - [28/Oct/2025:20:30:44 +0700] "GET /?item=15615752 HTTP/1.1" 200 162377 "-" "Mozilla/5.0 AppleWebKit/537.36 (KHTML, like Gecko; compatible; GPTBot/1.2; +https://openai.com/gptbot)"
20.171.207.246 - - [28/Oct/2025:20:30:49 +0700] "GET /?item=15656096 HTTP/1.1" 200 162377 "-" "Mozilla/5.0 AppleWebKit/537.36 (KHTML, like Gecko; compatible; GPTBot/1.2; +https://openai.com/gptbot)"
20.171.207.246 - - [28/Oct/2025:20:30:53 +0700] "GET /?item=15588688 HTTP/1.1" 200 162377 "-" "Mozilla/5.0 AppleWebKit/537.36 (KHTML, like Gecko; compatible; GPTBot/1.2; +https://openai.com/gptbot)"
163.44.198.59 - - [28/Oct/2025:20:30:59 +0700] "POST /wp-cron.php?doing_wp_cron=1761658259.0270409584045410156250 HTTP/1.1" 200 - "https://grillshack.mystric.com/wp-cron.php?doing_wp_cron=1761658259.0270409584045410156250" "WordPress/6.0.11; https://grillshack.mystric.com"
20.171.207.246 - - [28/Oct/2025:20:30:57 +0700] "GET /?item=15646416 HTTP/1.1" 200 162377 "-" "Mozilla/5.0 AppleWebKit/537.36 (KHTML, like Gecko; compatible; GPTBot/1.2; +https://openai.com/gptbot)"
20.171.207.246 - - [28/Oct/2025:20:31:02 +0700] "GET /?item=15596154 HTTP/1.1" 200 162377 "-" "Mozilla/5.0 AppleWebKit/537.36 (KHTML, like Gecko; compatible; GPTBot/1.2; +https://openai.com/gptbot)"
20.171.207.246 - - [28/Oct/2025:20:31:06 +0700] "GET /?item=15620626 HTTP/1.1" 200 162377 "-" "Mozilla/5.0 AppleWebKit/537.36 (KHTML, like Gecko; compatible; GPTBot/1.2; +https://openai.com/gptbot)"
20.171.207.246 - - [28/Oct/2025:20:31:11 +0700] "GET /?item=15626212 HTTP/1.1" 200 162377 "-" "Mozilla/5.0 AppleWebKit/537.36 (KHTML, like Gecko; compatible; GPTBot/1.2; +https://openai.com/gptbot)"
20.171.207.246 - - [28/Oct/2025:20:31:16 +0700] "GET /?item=15605056 HTTP/1.1" 200 162377 "-" "Mozilla/5.0 AppleWebKit/537.36 (KHTML, like Gecko; compatible; GPTBot/1.2; +https://openai.com/gptbot)"
20.171.207.246 - - [28/Oct/2025:20:31:19 +0700] "GET /?item=15661212 HTTP/1.1" 200 162377 "-" "Mozilla/5.0 AppleWebKit/537.36 (KHTML, like Gecko; compatible; GPTBot/1.2; +https://openai.com/gptbot)"
20.171.207.246 - - [28/Oct/2025:20:31:25 +0700] "GET /?item=15615128 HTTP/1.1" 200 162377 "-" "Mozilla/5.0 AppleWebKit/537.36 (KHTML, like Gecko; compatible; GPTBot/1.2; +https://openai.com/gptbot)"
20.171.207.246 - - [28/Oct/2025:20:31:29 +0700] "GET /?item=15626212 HTTP/1.1" 200 162377 "-" "Mozilla/5.0 AppleWebKit/537.36 (KHTML, like Gecko; compatible; GPTBot/1.2; +https://openai.com/gptbot)"
20.171.207.246 - - [28/Oct/2025:20:31:37 +0700] "GET /?item=15589758 HTTP/1.1" 200 162377 "-" "Mozilla/5.0 AppleWebKit/537.36 (KHTML, like Gecko; compatible; GPTBot/1.2; +https://openai.com/gptbot)"
20.171.207.246 - - [28/Oct/2025:20:31:43 +0700] "GET /?item=15643664 HTTP/1.1" 200 162377 "-" "Mozilla/5.0 AppleWebKit/537.36 (KHTML, like Gecko; compatible; GPTBot/1.2; +https://openai.com/gptbot)"
20.171.207.246 - - [28/Oct/2025:20:31:47 +0700] "GET /?item=15615128 HTTP/1.1" 200 162377 "-" "Mozilla/5.0 AppleWebKit/537.36 (KHTML, like Gecko; compatible; GPTBot/1.2; +https://openai.com/gptbot)"
20.171.207.246 - - [28/Oct/2025:20:31:53 +0700] "GET /?item=15621000 HTTP/1.1" 200 162377 "-" "Mozilla/5.0 AppleWebKit/537.36 (KHTML, like Gecko; compatible; GPTBot/1.2; +https://openai.com/gptbot)"
163.44.198.59 - - [28/Oct/2025:20:31:59 +0700] "POST /wp-cron.php?doing_wp_cron=1761658319.1801900863647460937500 HTTP/1.1" 200 - "https://grillshack.mystric.com/wp-cron.php?doing_wp_cron=1761658319.1801900863647460937500" "WordPress/6.0.11; https://grillshack.mystric.com"
20.171.207.246 - - [28/Oct/2025:20:31:57 +0700] "GET /?item=15589758 HTTP/1.1" 200 162377 "-" "Mozilla/5.0 AppleWebKit/537.36 (KHTML, like Gecko; compatible; GPTBot/1.2; +https://openai.com/gptbot)"
20.171.207.246 - - [28/Oct/2025:20:32:02 +0700] "GET /?item=15643664 HTTP/1.1" 200 162377 "-" "Mozilla/5.0 AppleWebKit/537.36 (KHTML, like Gecko; compatible; GPTBot/1.2; +https://openai.com/gptbot)"
20.171.207.246 - - [28/Oct/2025:20:32:08 +0700] "GET /?item=15600090 HTTP/1.1" 200 162377 "-" "Mozilla/5.0 AppleWebKit/537.36 (KHTML, like Gecko; compatible; GPTBot/1.2; +https://openai.com/gptbot)"
20.171.207.246 - - [28/Oct/2025:20:32:13 +0700] "GET /?item=15621000 HTTP/1.1" 200 162377 "-" "Mozilla/5.0 AppleWebKit/537.36 (KHTML, like Gecko; compatible; GPTBot/1.2; +https://openai.com/gptbot)"
20.171.207.246 - - [28/Oct/2025:20:32:20 +0700] "GET /?item=15611616 HTTP/1.1" 200 162377 "-" "Mozilla/5.0 AppleWebKit/537.36 (KHTML, like Gecko; compatible; GPTBot/1.2; +https://openai.com/gptbot)"
20.171.207.246 - - [28/Oct/2025:20:32:33 +0700] "GET /?item=15617770 HTTP/1.1" 200 162377 "-" "Mozilla/5.0 AppleWebKit/537.36 (KHTML, like Gecko; compatible; GPTBot/1.2; +https://openai.com/gptbot)"
20.171.207.246 - - [28/Oct/2025:20:32:45 +0700] "GET /?item=15611192 HTTP/1.1" 200 162377 "-" "Mozilla/5.0 AppleWebKit/537.36 (KHTML, like Gecko; compatible; GPTBot/1.2; +https://openai.com/gptbot)"
20.171.207.246 - - [28/Oct/2025:20:32:49 +0700] "GET /?item=15621524 HTTP/1.1" 200 162377 "-" "Mozilla/5.0 AppleWebKit/537.36 (KHTML, like Gecko; compatible; GPTBot/1.2; +https://openai.com/gptbot)"
163.44.198.59 - - [28/Oct/2025:20:32:57 +0700] "POST /wp-cron.php?doing_wp_cron=1761658377.1214001178741455078125 HTTP/1.1" 200 - "https://grillshack.mystric.com/wp-cron.php?doing_wp_cron=1761658377.1214001178741455078125" "WordPress/6.0.11; https://grillshack.mystric.com"
20.171.207.246 - - [28/Oct/2025:20:32:55 +0700] "GET /?item=15637158 HTTP/1.1" 200 162377 "-" "Mozilla/5.0 AppleWebKit/537.36 (KHTML, like Gecko; compatible; GPTBot/1.2; +https://openai.com/gptbot)"
20.171.207.246 - - [28/Oct/2025:20:33:03 +0700] "GET /?item=15630562 HTTP/1.1" 200 162377 "-" "Mozilla/5.0 AppleWebKit/537.36 (KHTML, like Gecko; compatible; GPTBot/1.2; +https://openai.com/gptbot)"
20.171.207.246 - - [28/Oct/2025:20:33:08 +0700] "GET /?item=15601570 HTTP/1.1" 200 162377 "-" "Mozilla/5.0 AppleWebKit/537.36 (KHTML, like Gecko; compatible; GPTBot/1.2; +https://openai.com/gptbot)"
20.171.207.246 - - [28/Oct/2025:20:33:12 +0700] "GET /?item=15611616 HTTP/1.1" 200 162377 "-" "Mozilla/5.0 AppleWebKit/537.36 (KHTML, like Gecko; compatible; GPTBot/1.2; +https://openai.com/gptbot)"
20.171.207.246 - - [28/Oct/2025:20:33:18 +0700] "GET /?item=15615834 HTTP/1.1" 200 162377 "-" "Mozilla/5.0 AppleWebKit/537.36 (KHTML, like Gecko; compatible; GPTBot/1.2; +https://openai.com/gptbot)"
20.171.207.246 - - [28/Oct/2025:20:33:24 +0700] "GET /?item=15591116 HTTP/1.1" 200 162377 "-" "Mozilla/5.0 AppleWebKit/537.36 (KHTML, like Gecko; compatible; GPTBot/1.2; +https://openai.com/gptbot)"
20.171.207.246 - - [28/Oct/2025:20:33:28 +0700] "GET /?item=15633956 HTTP/1.1" 200 162377 "-" "Mozilla/5.0 AppleWebKit/537.36 (KHTML, like Gecko; compatible; GPTBot/1.2; +https://openai.com/gptbot)"
20.171.207.246 - - [28/Oct/2025:20:33:33 +0700] "GET /?item=15658884 HTTP/1.1" 200 162377 "-" "Mozilla/5.0 AppleWebKit/537.36 (KHTML, like Gecko; compatible; GPTBot/1.2; +https://openai.com/gptbot)"
20.171.207.246 - - [28/Oct/2025:20:33:39 +0700] "GET /?item=15644452 HTTP/1.1" 200 162377 "-" "Mozilla/5.0 AppleWebKit/537.36 (KHTML, like Gecko; compatible; GPTBot/1.2; +https://openai.com/gptbot)"
20.171.207.246 - - [28/Oct/2025:20:33:43 +0700] "GET /?item=15617770 HTTP/1.1" 200 162377 "-" "Mozilla/5.0 AppleWebKit/537.36 (KHTML, like Gecko; compatible; GPTBot/1.2; +https://openai.com/gptbot)"
20.171.207.246 - - [28/Oct/2025:20:33:47 +0700] "GET /?item=15658884 HTTP/1.1" 200 162377 "-" "Mozilla/5.0 AppleWebKit/537.36 (KHTML, like Gecko; compatible; GPTBot/1.2; +https://openai.com/gptbot)"
20.171.207.246 - - [28/Oct/2025:20:33:52 +0700] "GET /?item=15588852 HTTP/1.1" 200 162377 "-" "Mozilla/5.0 AppleWebKit/537.36 (KHTML, like Gecko; compatible; GPTBot/1.2; +https://openai.com/gptbot)"
163.44.198.59 - - [28/Oct/2025:20:33:58 +0700] "POST /wp-cron.php?doing_wp_cron=1761658438.2436339855194091796875 HTTP/1.1" 200 - "https://grillshack.mystric.com/wp-cron.php?doing_wp_cron=1761658438.2436339855194091796875" "WordPress/6.0.11; https://grillshack.mystric.com"
20.171.207.246 - - [28/Oct/2025:20:33:56 +0700] "GET /?item=15591116 HTTP/1.1" 200 162377 "-" "Mozilla/5.0 AppleWebKit/537.36 (KHTML, like Gecko; compatible; GPTBot/1.2; +https://openai.com/gptbot)"
20.171.207.246 - - [28/Oct/2025:20:34:02 +0700] "GET /?item=15637158 HTTP/1.1" 200 162377 "-" "Mozilla/5.0 AppleWebKit/537.36 (KHTML, like Gecko; compatible; GPTBot/1.2; +https://openai.com/gptbot)"
20.171.207.246 - - [28/Oct/2025:20:34:06 +0700] "GET /?item=15644452 HTTP/1.1" 200 162377 "-" "Mozilla/5.0 AppleWebKit/537.36 (KHTML, like Gecko; compatible; GPTBot/1.2; +https://openai.com/gptbot)"
20.171.207.246 - - [28/Oct/2025:20:34:10 +0700] "GET /?item=15615834 HTTP/1.1" 200 162377 "-" "Mozilla/5.0 AppleWebKit/537.36 (KHTML, like Gecko; compatible; GPTBot/1.2; +https://openai.com/gptbot)"
20.171.207.246 - - [28/Oct/2025:20:34:16 +0700] "GET /?item=15626662 HTTP/1.1" 200 162377 "-" "Mozilla/5.0 AppleWebKit/537.36 (KHTML, like Gecko; compatible; GPTBot/1.2; +https://openai.com/gptbot)"
20.171.207.246 - - [28/Oct/2025:20:34:22 +0700] "GET /?item=15599972 HTTP/1.1" 200 162377 "-" "Mozilla/5.0 AppleWebKit/537.36 (KHTML, like Gecko; compatible; GPTBot/1.2; +https://openai.com/gptbot)"
20.171.207.246 - - [28/Oct/2025:20:34:27 +0700] "GET /?item=15635222 HTTP/1.1" 200 162377 "-" "Mozilla/5.0 AppleWebKit/537.36 (KHTML, like Gecko; compatible; GPTBot/1.2; +https://openai.com/gptbot)"
20.171.207.246 - - [28/Oct/2025:20:34:32 +0700] "GET /?item=15626662 HTTP/1.1" 200 162377 "-" "Mozilla/5.0 AppleWebKit/537.36 (KHTML, like Gecko; compatible; GPTBot/1.2; +https://openai.com/gptbot)"
20.171.207.246 - - [28/Oct/2025:20:34:38 +0700] "GET /?item=15615552 HTTP/1.1" 200 162377 "-" "Mozilla/5.0 AppleWebKit/537.36 (KHTML, like Gecko; compatible; GPTBot/1.2; +https://openai.com/gptbot)"
20.171.207.246 - - [28/Oct/2025:20:34:41 +0700] "GET /?item=15599972 HTTP/1.1" 200 162377 "-" "Mozilla/5.0 AppleWebKit/537.36 (KHTML, like Gecko; compatible; GPTBot/1.2; +https://openai.com/gptbot)"
20.171.207.246 - - [28/Oct/2025:20:34:47 +0700] "GET /?item=15633350 HTTP/1.1" 200 162377 "-" "Mozilla/5.0 AppleWebKit/537.36 (KHTML, like Gecko; compatible; GPTBot/1.2; +https://openai.com/gptbot)"
20.171.207.246 - - [28/Oct/2025:20:34:51 +0700] "GET /?item=15635222 HTTP/1.1" 200 162377 "-" "Mozilla/5.0 AppleWebKit/537.36 (KHTML, like Gecko; compatible; GPTBot/1.2; +https://openai.com/gptbot)"
163.44.198.59 - - [28/Oct/2025:20:34:56 +0700] "POST /wp-cron.php?doing_wp_cron=1761658496.3826310634613037109375 HTTP/1.1" 200 - "https://grillshack.mystric.com/wp-cron.php?doing_wp_cron=1761658496.3826310634613037109375" "WordPress/6.0.11; https://grillshack.mystric.com"
20.171.207.246 - - [28/Oct/2025:20:34:54 +0700] "GET /?item=15615552 HTTP/1.1" 200 162377 "-" "Mozilla/5.0 AppleWebKit/537.36 (KHTML, like Gecko; compatible; GPTBot/1.2; +https://openai.com/gptbot)"
20.171.207.246 - - [28/Oct/2025:20:35:04 +0700] "GET /?item=15633350 HTTP/1.1" 200 162377 "-" "Mozilla/5.0 AppleWebKit/537.36 (KHTML, like Gecko; compatible; GPTBot/1.2; +https://openai.com/gptbot)"
163.44.198.59 - - [28/Oct/2025:20:36:15 +0700] "POST /wp-cron.php?doing_wp_cron=1761658575.0351169109344482421875 HTTP/1.1" 200 - "https://grillshack.mystric.com/wp-cron.php?doing_wp_cron=1761658575.0351169109344482421875" "WordPress/6.0.11; https://grillshack.mystric.com"
20.171.207.246 - - [28/Oct/2025:20:36:13 +0700] "GET /?item=15611192 HTTP/1.1" 200 162377 "-" "Mozilla/5.0 AppleWebKit/537.36 (KHTML, like Gecko; compatible; GPTBot/1.2; +https://openai.com/gptbot)"
20.171.207.246 - - [28/Oct/2025:20:36:20 +0700] "GET /?item=15596888 HTTP/1.1" 200 162377 "-" "Mozilla/5.0 AppleWebKit/537.36 (KHTML, like Gecko; compatible; GPTBot/1.2; +https://openai.com/gptbot)"
20.171.207.246 - - [28/Oct/2025:20:36:24 +0700] "GET /?item=15600090 HTTP/1.1" 200 162377 "-" "Mozilla/5.0 AppleWebKit/537.36 (KHTML, like Gecko; compatible; GPTBot/1.2; +https://openai.com/gptbot)"
20.171.207.246 - - [28/Oct/2025:20:36:28 +0700] "GET /?item=15588852 HTTP/1.1" 200 162377 "-" "Mozilla/5.0 AppleWebKit/537.36 (KHTML, like Gecko; compatible; GPTBot/1.2; +https://openai.com/gptbot)"
20.171.207.246 - - [28/Oct/2025:20:36:32 +0700] "GET /?item=15596888 HTTP/1.1" 200 162377 "-" "Mozilla/5.0 AppleWebKit/537.36 (KHTML, like Gecko; compatible; GPTBot/1.2; +https://openai.com/gptbot)"
20.171.207.246 - - [28/Oct/2025:20:36:36 +0700] "GET /?item=15630562 HTTP/1.1" 200 162377 "-" "Mozilla/5.0 AppleWebKit/537.36 (KHTML, like Gecko; compatible; GPTBot/1.2; +https://openai.com/gptbot)"
20.171.207.246 - - [28/Oct/2025:20:36:40 +0700] "GET /?item=15601570 HTTP/1.1" 200 162377 "-" "Mozilla/5.0 AppleWebKit/537.36 (KHTML, like Gecko; compatible; GPTBot/1.2; +https://openai.com/gptbot)"
194.28.102.17 - - [28/Oct/2025:23:37:33 +0700] "GET /wp-admin HTTP/1.1" 301 248 "-" "Mozilla/5.0 (Macintosh; Intel Mac OS X 10_15_7) AppleWebKit/537.36 (KHTML, like Gecko) Chrome/141.0.0.0 Safari/537.36"
194.28.102.17 - - [28/Oct/2025:23:37:33 +0700] "GET /wp-admin/ HTTP/1.1" 302 - "-" "Mozilla/5.0 (Macintosh; Intel Mac OS X 10_15_7) AppleWebKit/537.36 (KHTML, like Gecko) Chrome/141.0.0.0 Safari/537.36"
163.44.198.59 - - [28/Oct/2025:23:37:55 +0700] "POST /wp-cron.php?doing_wp_cron=1761669475.2255129814147949218750 HTTP/1.1" 200 - "https://grillshack.mystric.com/wp-cron.php?doing_wp_cron=1761669475.2255129814147949218750" "WordPress/6.0.11; https://grillshack.mystric.com"
194.28.102.17 - - [28/Oct/2025:23:37:56 +0700] "GET /wp-admin/ HTTP/1.1" 302 - "-" "Mozilla/5.0 (Macintosh; Intel Mac OS X 10_15_7) AppleWebKit/537.36 (KHTML, like Gecko) Chrome/141.0.0.0 Safari/537.36"
194.28.102.17 - - [28/Oct/2025:23:37:58 +0700] "GET /wp-login.php?redirect_to=https%3A%2F%2Fgrillshack.mystric.com%2Fwp-admin%2F&reauth=1 HTTP/1.1" 200 9201 "-" "Mozilla/5.0 (Macintosh; Intel Mac OS X 10_15_7) AppleWebKit/537.36 (KHTML, like Gecko) Chrome/141.0.0.0 Safari/537.36"
143.110.189.28 - - [29/Oct/2025:00:45:23 +0700] "GET /wp-content/plugins/ova-events/assets/libs/tooltip.min.js?ver=6.0.11 HTTP/1.1" 200 6663 "-" "Mozilla/5.0 (Windows NT 10.0; Win64; x64) AppleWebKit/537.36 (KHTML, like Gecko) Chrome/101.0.4951.64 Safari/537.36 Edg/101.0.1210.47"
163.44.198.59 - - [29/Oct/2025:00:53:43 +0700] "POST /wp-cron.php?doing_wp_cron=1761674023.2812058925628662109375 HTTP/1.1" 200 - "https://grillshack.mystric.com/wp-cron.php?doing_wp_cron=1761674023.2812058925628662109375" "WordPress/6.0.11; https://grillshack.mystric.com"
163.44.198.59 - - [29/Oct/2025:00:53:41 +0700] "POST /deleteme.cha4143f09a0e2841cb920529762957503c.php?n=1&m=4 HTTP/1.1" 404 89187 "-" "Installatron Plugin/10.0.3/511"
163.44.198.59 - - [29/Oct/2025:00:53:47 +0700] "POST /deleteme.cha4143f09a0e2841cb920529762957503c.php?n=2&m=4 HTTP/1.1" 404 89187 "-" "Installatron Plugin/10.0.3/511"
163.44.198.59 - - [29/Oct/2025:00:53:49 +0700] "POST /deleteme.cha4143f09a0e2841cb920529762957503c.php?n=3&m=4 HTTP/1.1" 200 3402 "-" "Installatron Plugin/10.0.3/511"
163.44.198.59 - - [29/Oct/2025:00:53:51 +0700] "POST /deleteme.wpd789756dc59041a8bb3d72864d968368.php HTTP/1.1" 200 42164 "-" "Installatron Plugin/10.0.3/511"
205.210.31.111 - - [29/Oct/2025:01:08:44 +0700] "GET / HTTP/1.1" 301 - "-" "Hello from Palo Alto Networks, find out more about our scans in https://docs-cortex.paloaltonetworks.com/r/1/Cortex-Xpanse/Scanning-activity"
163.44.198.59 - - [29/Oct/2025:01:09:01 +0700] "POST /wp-cron.php?doing_wp_cron=1761674941.1099689006805419921875 HTTP/1.1" 200 - "https://grillshack.mystric.com/wp-cron.php?doing_wp_cron=1761674941.1099689006805419921875" "WordPress/6.0.11; https://grillshack.mystric.com"
176.44.5.68 - - [29/Oct/2025:01:51:15 +0700] "GET /wp-login.php HTTP/1.1" 200 9098 "-" "Mozilla/5.0 (Windows NT 10.0; Win64; x64) AppleWebKit/537.36 (KHTML, like Gecko) Chrome/131.0.0.0 Safari/537.36"
163.44.198.59 - - [29/Oct/2025:01:51:16 +0700] "POST /wp-cron.php?doing_wp_cron=1761677476.3759629726409912109375 HTTP/1.1" 200 - "https://grillshack.mystric.com/wp-cron.php?doing_wp_cron=1761677476.3759629726409912109375" "WordPress/6.0.11; https://grillshack.mystric.com"
176.44.5.68 - - [29/Oct/2025:01:51:19 +0700] "POST /wp-login.php HTTP/1.1" 302 - "-" "Mozilla/5.0 (Windows NT 10.0; Win64; x64) AppleWebKit/537.36 (KHTML, like Gecko) Chrome/131.0.0.0 Safari/537.36"
176.44.5.68 - - [29/Oct/2025:01:51:22 +0700] "GET /wp-login.php?redirect_to=https%3A%2F%2Fgrillshack.mystric.com%2Fwp-admin%2F&action=confirm_admin_email&wp_lang=th HTTP/1.1" 200 5313 "https://grillshack.mystric.com/wp-login.php" "Mozilla/5.0 (Windows NT 10.0; Win64; x64) AppleWebKit/537.36 (KHTML, like Gecko) Chrome/131.0.0.0 Safari/537.36"
176.44.5.68 - - [29/Oct/2025:01:51:26 +0700] "GET /wp-admin/my-sites.php HTTP/1.1" 500 2683 "-" "Mozilla/5.0 (Windows NT 10.0; Win64; x64) AppleWebKit/537.36 (KHTML, like Gecko) Chrome/131.0.0.0 Safari/537.36"
176.44.5.68 - - [29/Oct/2025:01:51:32 +0700] "GET /wp-admin/plugins.php?show_all=1 HTTP/1.1" 200 411891 "-" "Mozilla/5.0 (Windows NT 10.0; Win64; x64) AppleWebKit/537.36 (KHTML, like Gecko) Chrome/131.0.0.0 Safari/537.36"
176.44.5.68 - - [29/Oct/2025:01:51:43 +0700] "GET /wp-admin/plugins.php?show_all=1 HTTP/1.1" 200 411891 "-" "Mozilla/5.0 (Windows NT 10.0; Win64; x64) AppleWebKit/537.36 (KHTML, like Gecko) Chrome/131.0.0.0 Safari/537.36"
176.44.5.68 - - [29/Oct/2025:01:51:48 +0700] "GET /wp-admin/plugins.php?show_all=1 HTTP/1.1" 200 411891 "-" "Mozilla/5.0 (Windows NT 10.0; Win64; x64) AppleWebKit/537.36 (KHTML, like Gecko) Chrome/131.0.0.0 Safari/537.36"
176.44.5.68 - - [29/Oct/2025:01:51:53 +0700] "GET /wp-admin/plugins.php?show_all=1 HTTP/1.1" 200 411891 "-" "Mozilla/5.0 (Windows NT 10.0; Win64; x64) AppleWebKit/537.36 (KHTML, like Gecko) Chrome/131.0.0.0 Safari/537.36"
163.44.198.59 - - [29/Oct/2025:01:52:00 +0700] "POST /wp-cron.php?doing_wp_cron=1761677520.5671880245208740234375 HTTP/1.1" 200 - "https://grillshack.mystric.com/wp-cron.php?doing_wp_cron=1761677520.5671880245208740234375" "WordPress/6.0.11; https://grillshack.mystric.com"
176.44.5.68 - - [29/Oct/2025:01:51:59 +0700] "GET /wp-admin/plugins.php?show_all=1 HTTP/1.1" 200 411891 "-" "Mozilla/5.0 (Windows NT 10.0; Win64; x64) AppleWebKit/537.36 (KHTML, like Gecko) Chrome/131.0.0.0 Safari/537.36"
176.44.5.68 - - [29/Oct/2025:01:52:05 +0700] "GET /wp-admin/plugins.php?show_all=1 HTTP/1.1" 200 411891 "-" "Mozilla/5.0 (Windows NT 10.0; Win64; x64) AppleWebKit/537.36 (KHTML, like Gecko) Chrome/131.0.0.0 Safari/537.36"
176.44.5.68 - - [29/Oct/2025:01:52:11 +0700] "GET /wp-admin/plugin-install.php HTTP/1.1" 404 122989 "-" "Mozilla/5.0 (Windows NT 10.0; Win64; x64) AppleWebKit/537.36 (KHTML, like Gecko) Chrome/131.0.0.0 Safari/537.36"
176.44.5.68 - - [29/Oct/2025:01:52:15 +0700] "GET /wp-admin/plugins.php?show_all=1 HTTP/1.1" 200 411891 "-" "Mozilla/5.0 (Windows NT 10.0; Win64; x64) AppleWebKit/537.36 (KHTML, like Gecko) Chrome/131.0.0.0 Safari/537.36"
176.44.5.68 - - [29/Oct/2025:01:52:21 +0700] "GET /wp-admin/plugins.php?show_all=1 HTTP/1.1" 200 411891 "-" "Mozilla/5.0 (Windows NT 10.0; Win64; x64) AppleWebKit/537.36 (KHTML, like Gecko) Chrome/131.0.0.0 Safari/537.36"
176.44.5.68 - - [29/Oct/2025:01:52:26 +0700] "GET /wp-admin/plugins.php HTTP/1.1" 200 408400 "-" "Mozilla/5.0 (Windows NT 10.0; Win64; x64) AppleWebKit/537.36 (KHTML, like Gecko) Chrome/131.0.0.0 Safari/537.36"
176.44.5.68 - - [29/Oct/2025:01:52:32 +0700] "GET /wp-admin/admin.php?page=wpcode HTTP/1.1" 200 263931 "-" "Mozilla/5.0 (Windows NT 10.0; Win64; x64) AppleWebKit/537.36 (KHTML, like Gecko) Chrome/131.0.0.0 Safari/537.36"
163.44.198.59 - - [29/Oct/2025:01:52:40 +0700] "POST /wp-cron.php?doing_wp_cron=1761677560.0724859237670898437500 HTTP/1.1" 200 - "https://grillshack.mystric.com/wp-cron.php?doing_wp_cron=1761677560.0724859237670898437500" "WordPress/6.0.11; https://grillshack.mystric.com"
176.44.5.68 - - [29/Oct/2025:01:52:38 +0700] "GET /wp-admin/admin.php?page=wpcode-snippet-manager&snippet_id=6416 HTTP/1.1" 200 434738 "-" "Mozilla/5.0 (Windows NT 10.0; Win64; x64) AppleWebKit/537.36 (KHTML, like Gecko) Chrome/131.0.0.0 Safari/537.36"
176.44.5.68 - - [29/Oct/2025:01:52:45 +0700] "GET /wp-admin/admin.php?page=wpcode-snippet-manager&snippet_id=6313 HTTP/1.1" 200 416183 "-" "Mozilla/5.0 (Windows NT 10.0; Win64; x64) AppleWebKit/537.36 (KHTML, like Gecko) Chrome/131.0.0.0 Safari/537.36"
176.44.5.68 - - [29/Oct/2025:01:52:50 +0700] "GET /wp-admin/admin.php?page=wpcode-snippet-manager&snippet_id=6312 HTTP/1.1" 200 413797 "-" "Mozilla/5.0 (Windows NT 10.0; Win64; x64) AppleWebKit/537.36 (KHTML, like Gecko) Chrome/131.0.0.0 Safari/537.36"